 1019*c - 366. Calculate q(44).
-58
Let s(a) = -19544*a - 2912008. Give s(-149).
48
Let p(j) = 1779*j - 378934. What is p(213)?
-7
Let f(u) = -6149*u - 7846118. What is f(-1276)?
6
Let v(b) = -b**2 + 43399*b - 7. Determine v(0).
-7
Let j(o) = 275147*o - 1651066. Give j(6).
-184
Let v(r) = 10733*r - 1470604. What is v(137)?
-183
Let t(m) = 8*m**2 + 171*m + 126. Determine t(-22).
236
Let c(k) = -2*k**2 - 1013*k + 4055. Determine c(4).
-29
Let t(o) = o**3 - 62*o**2 + 705*o - 890. What is t(13)?
-6
Let d(s) = -9663*s - 19355. Calculate d(-2).
-29
Let q(a) = -595*a - 60749. Determine q(-102).
-59
Let z(k) = -5*k**3 - 145*k**2 + 1246*k - 508. Give z(-36).
-4
Let c(b) = -b**3 - 14*b**2 - 100*b - 331. What is c(-7)?
26
Let m(b) = 2814*b + 2762. Calculate m(-1).
-52
Let k(s) = -467*s**2 + 962*s - 13. What is k(2)?
43
Let y(n) = -n**3 - 27*n**2 - 1640*n - 16109. What is y(-11)?
-5
Let k(y) = -19*y + 23. Calculate k(0).
23
Let v(p) = 3*p**3 - 61*p**2 + 310*p + 34. Determine v(10).
34
Let k(w) = 428*w - 181036. Calculate k(423).
8
Let u(s) = 141*s**2 - 1351*s - 2695. Calculate u(-2).
571
Let o(f) = -73053*f + 73048. Give o(1).
-5
Let r(y) = 3889*y - 43980. Calculate r(12).
2688
Let a(j) = -5727*j + 5137112. Give a(897).
-7
Let k(s) = -133*s**2 + 474*s + 17. Give k(4).
-215
Let t(a) = -51*a**3 - 1985*a**2 + 31*a - 4863. Calculate t(-39).
12
Let n(u) = 7*u**3 - 186*u**2 - 106*u + 691. Give n(27).
16
Let c(l) = 3*l**2 - 201*l - 625. Give c(70).
5
Let p(z) = -68*z + 10405. Give p(145).
545
Let q(r) = -r**3 - 17*r**2 - 144*r - 400. Give q(-5).
20
Let p(z) = -211*z + 12432. What is p(48)?
2304
Let y(u) = -8*u**3 - 6*u**2 + 45*u + 118. Calculate y(-4).
354
Let x(s) = s**3 + 15*s**2 + 153*s + 2284. Determine x(-15).
-11
Let a(w) = -3497*w + 405646. Calculate a(116).
-6
Let b(g) = -174*g + 18420. Give b(113).
-1242
Let j(c) = 6*c**3 - 157*c**2 - 102*c + 174. Calculate j(27).
1065
Let p(x) = -2*x**2 - 322*x + 4518. Give p(13).
-6
Let y(u) = -3*u**3 + 51*u**2 - 149*u + 3640. Calculate y(18).
-14
Let c(k) = -k**3 - 86*k**2 + 760*k + 486. Give c(-94).
-266
Let p(k) = k**3 - 3*k**2 - 806*k - 7275. Determine p(-11).
-103
Let u(z) = 8*z**3 - 555*z**2 + 210*z + 665. Give u(69).
872
Let j(v) = v**2 + 138*v + 4696. Give j(-77).
-1
Let s(p) = -48*p**3 + 3*p**2 + 73*p + 73. Give s(-1).
51
Let d(z) = -112*z**2 - 328*z + 484. Give d(-4).
4
Let l(f) = -2*f**3 + 87*f**2 - 645*f - 5895. Determine l(20).
5
Let r(z) = -1345*z - 28275. Calculate r(-21).
-30
Let p(w) = -w**3 + 9*w**2 - 162*w + 2762. Give p(13).
-20
Let n(t) = t**2 + 71414*t - 1142862. Calculate n(16).
18
Let p(l) = 4043*l + 22957. Determine p(-5).
2742
Let o(r) = -r**2 + 45814*r - 6212210. Give o(136).
-2
Let f(p) = 1293*p - 56688. Give f(44).
204
Let c(p) = p**2 + 1210*p + 89343. Give c(-79).
-6
Let m(v) = -22*v**2 - 453*v + 430. What is m(-22)?
-252
Let p(l) = -l**3 + 5830*l**2 - 69791*l + 26. What is p(12)?
326
Let j(r) = -255176*r + 2041345. Calculate j(8).
-63
Let w(t) = 14*t**2 - 281*t - 8077. What is w(-16)?
3
Let q(u) = -32*u**2 + 196*u + 2884. What is q(13)?
24
Let f(y) = 1385291*y + 2770675. Determine f(-2).
93
Let i(c) = 22*c**2 + 1868*c - 232. What is i(-85)?
-62
Let p(o) = 10*o + 601. Calculate p(-87).
-269
Let q(k) = -3*k**2 - 16335*k - 260641. Determine q(-16).
-49
Let t(d) = 2*d**2 + 890*d - 9952. Determine t(11).
80
Let c(w) = 43*w**2 - 246*w + 300. What is c(4)?
4
Let h(i) = i**2 + 518*i - 164776. What is h(222)?
-496
Let n(a) = -223*a + 4267. What is n(22)?
-639
Let s(x) = -117*x**2 + 9362*x - 100. Give s(80).
60
Let t(n) = -2*n**3 + 11*n**2 - 2605*n - 7957. Determine t(-3).
11
Let t(h) = 176*h + 1056. What is t(-16)?
-1760
Let d(z) = z**2 + 163*z + 1981. Give d(-16).
-371
Let q(s) = -4*s**2 + 551*s - 6000. Give q(10).
-890
Let v(p) = p**2 - 8349*p + 579532. Calculate v(70).
2
Let k(z) = -72894*z - 291747. Calculate k(-4).
-171
Let d(q) = -73*q - 70. Give d(-8).
514
Let h(m) = -537*m + 1398. Calculate h(5).
-1287
Let x(l) = 45924*l + 91852. What is x(-2)?
4
Let w(p) = -20785*p + 3117748. Determine w(150).
-2
Let v(n) = 3*n**2 - 2139*n + 303989. Calculate v(196).
-7
Let h(l) = l**3 + 2617*l**2 + 67331*l - 920. Determine h(-26).
-10
Let f(b) = -66*b**2 - 427*b - 108. Calculate f(-6).
78
Let v(q) = 493*q - 260733. Give v(529).
64
Let n(i) = -1847898*i - 1847896. Calculate n(-1).
2
Let x(t) = -t**3 - t**2 - 186*t - 1066. Calculate x(-6).
230
Let w(r) = -9*r**2 - 27*r - 3. What is w(-2)?
15
Let v(q) = 20*q**2 + 66*q - 588. Give v(4).
-4
Let n(y) = -392*y**2 - 1172*y + 17. Calculate n(-3).
5
Let z(a) = -6491*a + 253. Determine z(0).
253
Let p(q) = -2*q**3 - 274*q**2 + 836*q - 416. Give p(-140).
144
Let w(l) = -4*l**3 + 328*l**2 + 7*l - 120. Give w(82).
454
Let f(d) = -39*d**3 - 10997*d**2 + 261*d - 5918. Calculate f(-282).
4
Let a(q) = -q**3 - 39*q**2 + 84*q + 4618. What is a(-38)?
-18
Let a(l) = -35412*l - 70850. Give a(-2).
-26
Let v(t) = 5694*t**2 + 17088*t - 3. Determine v(-3).
-21
Let d(c) = 5254*c + 1150627. What is d(-219)?
1
Let h(p) = p**3 + 6*p**2 - 4040*p - 134. Give h(61).
2733
Let k(b) = -19886*b - 12548063. Determine k(-631).
3
Let b(i) = -i**2 + 1649*i - 48753. Give b(30).
-183
Let o(k) = -2*k**2 + 166*k - 3607. What is o(29)?
-475
Let c(k) = k**3 - 53*k + 128. What is c(13)?
1636
Let a(g) = 58*g**2 - 2729*g + 211. Calculate a(47).
70
Let i(n) = -n**3 + 39*n**2 + 48*n - 214. Calculate i(40).
106
Let k(p) = p**3 - 7*p**2 - 717*p + 824. Calculate k(30).
14
Let s(q) = -170*q + 9307. What is s(53)?
297
Let m(i) = 145660*i - 873805. Give m(6).
155
Let k(x) = -235833*x - 1179181. Determine k(-5).
-16
Let h(z) = -12*z**3 - 37*z**2 + 19*z + 19. What is h(1)?
-11
Let y(u) = -u**3 - 99*u**2 - 139*u - 13755. Calculate y(-99).
6
Let h(c) = 1599*c - 4197. Calculate h(4).
2199
Let d(a) = -4*a**2 - 349*a - 2326. Calculate d(-7).
-79
Let v(b) = -5176*b - 51752. Determine v(-10).
8
Let j(u) = -5*u**2 - 331*u + 1802. What is j(-67)?
1534
Let g(i) = -419*i - 56822. Give g(-137).
581
Let i(k) = -5*k**2 - 315*k - 303. Calculate i(-60).
597
Let o(s) = -127*s - 24014. Give o(-189).
-11
Let s(l) = -2*l**3 + 28*l**2 + 164*l + 161. Calculate s(20).
-1359
Let j(t) = 12842*t + 231168. Calculate j(-18).
12
Let s(m) = 68*m**3 - 476*m**2 - 546*m + 27. What is s(8)?
11
Let u(i) = i**2 + 61*i - 272. Calculate u(-51).
-782
Let a(m) = -2*m - 526. Calculate a(-23).
-480
Let l(a) = -a**3 + 224*a**2 - 2769*a + 47694. Give l(212).
-6
Let l(z) = -2026*z - 16409. Give l(-8).
-201
Let z(x) = x**3 - 91*x**2 - 1805*x + 9960. Determine z(107).
9
Let m(a) = 30*a - 3400. Calculate m(95).
-550
Let h(o) = 1154*o - 49448. Give h(43).
174
Let s(l) = l**3 - 19*l**2 + 42*l + 229. Give s(12).
-275
Let r(f) = -6*f**3 - 93*f**2 - 110*f - 778. Determine r(-15).
197
Let x(t) = 23*t**2 - 107*t + 398. What is x(6)?
584
Let h(d) = -9310*d + 437545. What is h(47)?
-25
Let m(h) = h**3 - 141*h**2 - 696*h - 5066. Calculate m(146).
-102
Let q(h) = 44*h**2 + 3020*h + 1986. Give q(-68).
82
Let n(h) = -20*h + 9. What is n(23)?
-451
Let u(j) = -1875*j - 12801. Determine u(-7).
324
Let q(w) = -344671*w - 2757390. Calculate q(-8).
-22
Let h(g) = -4*g**2 - 518*g + 79. Give h(0).
79
Let z(q) = 12875*q + 862614. Give z(-67).
-11
Let b(k) = 7*k**2 - 1011*k + 5986. Determine b(6).
172
Let v(m) = m**3 + 7*m**2 + 24*m + 288. Give v(-7).
120
Let d(z) = -689*z + 33182. What is d(48)?
110
Let p(i) = -13*i**3 - 28*i**2 - 41*i + 7. Determine p(2).
-291
Let d(o) = 4*o**2 - 361*o - 4065. Determine d(-11).
390
Let z(s) = 14*s - 287. Determine z(3).
-245
Let y(l) = 4433*l**2 + 8867*l - 1. Give y(-2).
-3
Let m(j) = 2*j**2 - 148*j + 2142. What is m(20)?
-18
Let w(b) = -4077*b + 130484. Give w(32).
20
Let g(y) = 7*y**2 - 101*y - 1614. Calculate g(24).
-6
Let p(f) = 2*f**3 + 40*f**2 - 617*f - 714. What is p(11)?
1
Let f(p) = 780*p + 1646. Calculate f(-2).
86
Let n(m) = 754*m - 311421. Determine n(414).
735
Let v(k) = k**3 + 99*k**2 - 2258*k + 124016. Determine v(-125).
16
Let b(h) = -9*h**2 + 95*h + 698. Determine b(-12).
-1738
Let h(v) = -v**2 + 768*v - 14864. What is h(20)?
96
Let m(a) = -9*a**2 - 36423*a + 109310. Determine m(3).
-40
Let y(p) = 9*p**2 - 2990*p - 39766. Give y(345).
-91
Let y(n) = -4*n**2 - 66*n + 8860. Give y(-56).
12
Let j(h) = 127*h - 946. What is j(4)?
